j**2/2 + 3*j - 82. Calculate q(-6).
-3
Let y be ((-14)/8)/((-3)/12). Let v(q) = -2*q**2 - y*q - 4 - q**2 + 0*q**2 + 2*q**2. Suppose -1 = 2*m + 9. What is v(m)?
6
Let y(l) = 25*l**3 - 13*l**2 + 4. Let r(j) = 6 - 7 + 3*j**2 + 0*j**3 - 6*j**3. Let s(b) = -9*r(b) - 2*y(b). What is s(1)?
4
Let h(v) = -v**3 + v**2 - 5*v - 44. Let p(q) = q**3 - q**2 + 4*q + 44. Let y(u) = 5*h(u) + 6*p(u). Give y(0).
44
Let i be 3/27*-3 + 1/3. Suppose -2*d - 5*b = -4 - 5, -3*b - 5 = -4*d. Let y(a) = 0 + a**d - 4 + 3 + 0 + a. Give y(i).
-1
Suppose 0 = -4*v + 4*y - 32, -5*v - 3*y + 5*y = 34. Let p(k) = k + 16. Let z(m) = m + 15. Let l(g) = 2*p(g) - 3*z(g). What is l(v)?
-7
Let i(j) be the first derivative of -j**6/120 - j**5/60 - j**4/8 - j**3/3 + 3*j**2 + 10. Let u(l) be the second derivative of i(l). Calculate u(-2).
8
Let n(z) = -4*z + 2. Let g = 10 + -16. Let w(j) = 5*j - 3. Let d(v) = g*n(v) - 5*w(v). Give d(6).
-3
Suppose -3 = -o + b, -5*b - 3 = -2*o - 2*b. Let g(j) = -j + 13. Determine g(o).
7
Let w(t) = -t**2 - t - 1. Let s(f) = 21*f**3 + f**2 - 4*f + 3. Let d be s(1). Let q be ((-7)/d)/((-2)/(-6)). Determine w(q).
-1
Let x = 502 + -507. Let n(q) = q**3 + 4*q**2 - 4*q + 1. Determine n(x).
-4
Suppose -4*g = 20, -4*m + m = -g - 14. Let a(q) = -q**3 + q**2 - 1. Let y(v) = -2*v**3 - 2*v**2 - 5*v - 6. Let l(o) = m*a(o) - y(o). Give l(6).
-3
Let x(o) = 2*o - 14 + 15 - o + 9. Determine x(-10).
0
Let i(o) = o**2 + 6*o + 9. Suppose 0 = 11*x - 59 - 7. Suppose -x*t + 19 = 55. Give i(t).
9
Let w(s) = -s - 2. Let j be w(-5). Let n be (-3)/(-9) - (-8)/j. Let z(m) = -m**2 + 3*m - m**3 - 5*m + 13*m**n + 3*m. Determine z(1).
12
Let k(b) = b**3 + 5*b**2 + 3*b - 3. Let c be (-15)/5 + 0/1. Let p be 1 - 0 - (0 - c). Let x be (-12)/p*1/(-2). Calculate k(x).
6
Let t(w) = -3*w. Let f(k) = 16*k - 3. Let d(u) = f(u) + 6*t(u). Calculate d(-3).
3
Let i(t) be the first derivative of t**2/2 + 9*t - 25. What is i(2)?
11
Let d(k) = 6*k**2 - k + 3. Let r(g) = 5*g**2 - 2*g + 2. Let c(h) = -4*d(h) + 5*r(h). Give c(8).
14
Let b(n) be the first derivative of n**2/2 - 2*n + 12. Give b(9).
7
Suppose -3*h - 6*m - 109 = -2*m, -3*h - 3*m = 108. Let t = -34 - h. Let k(y) = -y**2 + 4*y**2 - 3*y + 2*y. What is k(t)?
2
Let z(c) be the second derivative of -c**5/20 - c**3/6 + 3*c**2/2 + 190*c. Give z(0).
3
Let b(i) = -2*i - 13. Suppose 50*w - 67*w - 153 = 0. Calculate b(w).
5
Let l(w) be the first derivative of -3*w**2/2 - 7*w - 297. Determine l(-6).
11
Let n be (-2)/(69/21 - 3). Let z = -16 - n. Let j(t) = -2*t + 0*t**3 + t**3 + 7*t + 10*t**2 + 4*t - 3. What is j(z)?
-3
Suppose 2*p = 3 - 13, 4*p + 18 = -2*r. Let q(d) = -40*d - 10. Let g(w) = -13*w - 3. Let f be (-8)/(-6)*6/4. Let y(k) = f*q(k) - 7*g(k). What is y(r)?
12
Let v(h) = -105*h**3 + 7*h + 5*h + 6*h**2 - 3 - 15*h**2 + 209*h**3 - 103*h**3. What is v(8)?
29
Let d(c) = 15*c. Let v be 560/55 + (-6)/33. Let y = v - 5. Let w(s) = -23*s. Let r(g) = y*w(g) + 8*d(g). Calculate r(1).
5
Let u(r) = -50*r - 5. Let t(a) = -7*a - 1. Let f(d) = 4*t(d) - u(d). Determine f(-1).
-21
Suppose -4*v + 4*z + 24 = 0, -3*v + 9 = 4*z - 2. Let k(g) be the first derivative of g**4/4 - 4*g**3/3 - 3*g**2/2 - 6*g + 108. What is k(v)?
4
Suppose 109 = -36*q + 37. Let k(p) = p**2 + 3*p - 2. What is k(q)?
-4
Let c(l) = 6*l - 1. Let b(z) = 13*z + 12. Let d(y) = -b(y) + 2*c(y). Determine d(-9).
-5
Let n(q) = q**3 - 7*q**2 + 5*q + 13. Suppose 0 = -21*o - 2 + 128. Calculate n(o).
7
Let i = -106 - -109. Let t(q) = -3*q - 4*q**i + q**3 - 2231*q**2 + 1 + 2235*q**2. Let b = -4 - -6. Calculate t(b).
-13
Let n(v) be the second derivative of -v**6/120 + v**5/60 + v**4/6 + v**3/2 - 3*v**2/2 - 10*v. Let b(s) be the first derivative of n(s). Calculate b(-2).
7
Let x be (1 - -3)*(-48)/192. Let h(o) = -7*o + 3 - 3. Determine h(x).
7
Suppose -19*l - 37*l = 56. Let q(j) = -18*j. What is q(l)?
18
Let k(l) = -l**3 + 7*l**2 + 7*l + 2. Let d = -9 - -11. Let a = 10 - d. Calculate k(a).
-6
Let m(s) = 8*s**3 - s. Let b(r) be the first derivative of r**4/2 - r**3 + r**2 - 3. Let w be b(1). Calculate m(w).
7
Let y be (3 - 0)/(2*(-6)/(-8)). Let r(s) = s + s**2 - 121 + 123 - 2*s. Determine r(y).
4
Let x(b) = b**2 - 4*b + 5. Let f(s) be the third derivative of s**5/60 - s**4/8 + 2*s**3/3 - 40*s**2. Let m(j) = 4*f(j) - 3*x(j). Calculate m(0).
1
Let g(c) = 6*c**2 + 5*c**2 + 1 - 2. Suppose 0 = -5*b + 4*o - 588, 25 = 4*b - 5*o + 490. Let s = b + 119. Determine g(s).
10
Let h(u) = -u**2 - 10*u - 3. Let m be h(-9). Let g(z) = z**2 - 6*z + 7. Calculate g(m).
7
Let v(o) = 0*o**2 + o**2 - 32*o - o**3 + 6 + 28*o - 6*o**2. Calculate v(-5).
26
Let s(w) = -4*w + 2. Let z be s(8). Let c = z + 38. Let a(q) = q**2 - 7*q. Give a(c).
8
Let r = -3 - 0. Let k(u) be the first derivative of -u**4/4 - u**3 - 3*u**2/2 - 3*u - 11. Determine k(r).
6
Let k(y) = 2*y**2 - 4*y + 3. Let v be k(2). Let z(g) = -2*g + v*g**2 - 2*g**2 - 2*g. Let s be (2/8)/(-5 + (-243)/(-48)). What is z(s)?
0
Let u(n) = -n**2 - 8*n + 2. Let p = -670 - -663. Give u(p).
9
Let t(m) = 5*m**2 - 287*m + 108. Let r be t(57). Let b(d) = d + 1. Let g(w) = -2*w - 2. Let i(x) = 5*b(x) + 4*g(x). Determine i(r).
15
Let y(h) = h - 3. Suppose -12*f + 18*f = 30. Suppose -f*w + m = 5*m + 9, -3*m - 8 = 4*w. Calculate y(w).
-8
Let b = -33 - -39. Let k(l) = 7 - 5 + 3*l + 2 - b*l. Calculate k(3).
-5
Let r(n) = -n + 4. Suppose 52*j = 15*j - 74. What is r(j)?
6
Let l(m) = m. Let u = 167 - 135. Suppose -26*v - 6 = -u*v. What is l(v)?
1
Let i(p) be the second derivative of 23*p**3/3 + 3*p**2 - 46*p. Let f(a) = -22*a - 3. Let k(g) = 13*f(g) + 6*i(g). Calculate k(-2).
17
Let w = -457 - -470. Let h(y) = -2*y + 27. Give h(w).
1
Let i(r) = r**3 + 8*r**2 - 2*r - 13. Let m be i(-8). Let y(t) = 43*t**3 - 42*t**m + 3*t**2 + 5 + t + 3*t**2. What is y(-6)?
-1
Let n(r) = -4 - 7*r + 3 + 6*r - 2 - r. Let t(l) = 3*l + 3. Let f = 13 + -8. Let h(k) = f*n(k) + 4*t(k). Determine h(-5).
-13
Let h(j) = -j**3 - 6*j**2 + 2*j + 1. Suppose -2*z - 3*z = -15. Suppose -z + 63 = 3*g. Let b be (24/g)/(1/(-5)). Calculate h(b).
-11
Let x be -2*((-10)/5 - 2/(-4)). Suppose 9*a + 11 = x*t + 8*a, -2*a + 8 = 4*t. Let q(g) = -g + 1. Calculate q(t).
-2
Let v(a) = a. Let w = 17 - 2. Let m = -17 + w. Let p(j) = 10*j - 1. Let q(f) = m*v(f) + p(f). What is q(1)?
7
Suppose -4*q - v = -0*v + 25, 0 = 3*q - v + 10. Let z(c) = -3*c + 5*c**2 - 58*c**3 - 3 + 5*c - 4 + 59*c**3 - 4*c. Determine z(q).
3
Let s(l) = -11*l**2 - 2*l - 2. Let i = 1490 - 1491. What is s(i)?
-11
Let f(h) = 3 + h + h + 3. Let n(v) = v**3 - 2 + 12 + 3*v**2 - 9 + 3*v**2 + 6*v. Let g be n(-5). Calculate f(g).
-2
Let a(l) = l**3 - 8*l + 20*l**2 + 2 + 4 - 3 - 23*l**2. Determine a(5).
13
Let z(o) = -o**2 + 7*o - 4. Let j be z(6). Suppose 0 = -0*m + 2*m - j. Let d(r) be the third derivative of -r**5/12 - r**4/24 + 10*r**2. What is d(m)?
-6
Let z(i) be the first derivative of i**5/60 - 7*i**4/24 + 3*i**3/2 - 11*i**2/2 + 12. Let k(o) be the second derivative of z(o). Determine k(6).
3
Let m(i) = -2*i - 2 + 3*i - 9. Let q = 17 + 13. Suppose 5*c + 0*u - q = u, -c + 15 = -2*u. Calculate m(c).
-6
Suppose -4*p = 5*k + 17, -6 = k - 1. Let d(w) = 3*w - 1. Determine d(p).
5
Let u(n) = -5 - 6*n**3 - 8*n**3 + 13*n**3 - 5*n**2 - n**2. Give u(-6).
-5
Let x = 117 + -109. Let o(z) = z**3 - 7*z**2 + 2 - 6 + x. Determine o(7).
4
Let n(b) be the second derivative of -b**3/6 - b**2/2 - b. Let k be 6/4*44/33. Suppose 5*y - k*y + 12 = -2*p, 0 = 4*p + 5*y + 22. Give n(p).
2
Suppose -3*a - 189 = -3*b, 2*a + 2*b + 150 = 28. Let s = 63 + a. Let f(o) = o**2 - o. Give f(s).
0
Let c(r) = -23*r**2 - 5*r + 4. Let d(n) = n**2 + n - 1. Let p(l) = -2*l**2 + 4*l + 2. Let b be p(-1). Let t(u) = b*d(u) - c(u). What is t(-1)?
18
Let k(l) = 2*l**2 + 19*l + 4. Let b be k(-9). Let n(x) = -x**3 - 6*x**2 - 3*x. Give n(b).
-10
Suppose -24*i - 20 = -29*i. Suppose -2*w + i*w = 4*w. Let j(b) = b**3 - b - 6. What is j(w)?
-6
Let h(t) be the first derivative of -t**4/4 + 2*t**3 - 5*t**2/2 + 5*t - 16. Let v = -1 - -5. Calculate h(v).
17
Let p(f) = 5*f + 4. Suppose 2*g - 10 = 4*a - 3*g, 0 = -3*a - 4*g - 23. Give p(a).
-21
Let u(g) = g**3 - 5*g**2 - 7*g + 5. Let i(n) = n**3 + 7*n**2 - 9*n - 2. Let m be i(-8). Let p be u(m). Let s(x) = -5*x**3 - x**2 - 2*x - 1. Give s(p).
5
Let x(n) be the first derivative of -5 + 0*n 